 16. Let y(f) = -3*b(f) + 4*s(f). What is y(0)?
-12
Suppose 2*t = 5 + 3. Let u(w) = 7 + 4 - 8 - 2. Let a(q) = -q**3 + 3*q**2 + 4*q - 4. Let n(i) = a(i) + 3*u(i). Give n(t).
-1
Let p(w) be the second derivative of 4*w**3/3 - w**2/2 + 194*w. Determine p(-8).
-65
Let v(o) = o - 2. Let p be v(-8). Let m be p/4*(-2 - -4). Let k(t) be the third derivative of t**4/24 + t**3/3 - 16*t**2 + 89*t - 1. Give k(m).
-3
Let q(m) = 3*m**2 + 4*m + 3. Let i be (-251)/(-5) + (32/(-10) - -3). Suppose 8*y = 18*y - i. Suppose y*w = -0 - 15. What is q(w)?
18
Let g(v) = -6*v + 4312*v**3 - 8623*v**3 + 7*v**2 + 4312*v**3. What is g(-8)?
-16
Let d(r) = r. Let v(s) = 4*s - 9. Let x(z) = -6*d(z) + v(z). Let t(f) = -22*f - 158 + 43*f - 13*f. Let h be t(19). Calculate x(h).
3
Let q = 7 - 4. Let p(z) = 4*z**2 + 1. Let y(o) = o**2 - 82 - 83 + 168 - o + 10*o**2. Let l(i) = q*y(i) - 8*p(i). Give l(2).
-1
Let q(l) = -l**2 - 9*l + 8. Let a = -28 - -35. Let k = a - 17. Let w be q(k). Let x(c) = -c**2 - c + 1. Determine x(w).
-1
Let l = -57 + 80. Suppose 4*q - 31 = -l. Let m(s) = 2*s**2 - 5*s**q + 5*s + 4*s**2 + 0*s + 2. Determine m(-4).
-2
Let l(f) = -2*f**3 + 2. Let c(q) = q**3 + 12*q**2 - q + 6. Let r be c(-8). Let v = r - 268. Determine l(v).
-14
Let t = -238 + 233. Let j(p) = -p**3 - 6*p**2 - 7*p - 14. Give j(t).
-4
Suppose 4*p - 107 = -395. Let l = p + 66. Let o(c) = 7*c + 18. Let i(v) = -v - 1. Let w(x) = -6*i(x) - o(x). Calculate w(l).
-6
Let r(y) = -y**3 - 7*y**2 - 6*y + 4. Let p = 35 + -24. Suppose p*b = 8*b + 9. Let i be 2*(0 - b)/1. What is r(i)?
4
Let p(x) = -2*x - 6. Let u be (-4)/(-7) - (-216)/14. Let r = -14 + 37. Let l = u - r. Determine p(l).
8
Let o(p) = 2*p**2 + 13*p + 25. Let s(x) = 2*x**2 - 6*x - 181. Let d be s(-8). Determine o(d).
10
Let i(j) = -31 - 36 - 43 - 102*j**2 - 30*j + 20 + 101*j**2. What is i(-27)?
-9
Let d(o) = 4*o - 19. Let g = -5839 - -5847. Determine d(g).
13
Let z(c) = 73*c**3 + 0*c - 39 - 7*c - 20*c + 3*c**2 + 8*c**2 - 71*c**3. Give z(-7).
3
Let g(y) be the second derivative of -y**6/720 + y**5/15 - 61*y**4/12 - 5*y - 3. Let d(u) be the third derivative of g(u). Give d(12).
-4
Let x(h) = 144*h**3 - 99*h**2 - 20. Let w(l) = -48*l**3 + 35*l**2 + 7. Let f(j) = 17*w(j) + 6*x(j). What is f(-1)?
-48
Suppose -4*f - 43 = -75. Let r(m) = -3*m**3 + 8*m**2 - 3*m - 7. Let w(v) = 5*v**3 - 12*v**2 + 5*v + 11. Let t(l) = f*r(l) + 5*w(l). Give t(-3).
5
Let t = -2090 + 2082. Let x(v) = v**2 + 1. Let n(r) = -6*r**2 - 7*r - r - 2 + 0*r. Let c(p) = -n(p) - 5*x(p). What is c(t)?
-3
Let q(g) = 3*g**3 + 4*g**2 + 2*g. Let z(f) be the third derivative of 5/24*f**4 - 17*f**2 + 0*f + 0 + 1/2*f**3. Let m be z(-1). What is q(m)?
-12
Let i(b) = -b**2 - 4*b + 1. Suppose -26*v + 25 = -21*v. Suppose -2*d + 5*k = -4 - 14, -5*d + 80 = v*k. Suppose -17*n = -d*n + 12. Give i(n).
1
Let f(m) = m**2 + 7*m + 10. Let q be 4 - ((-4)/22 + (-520)/(-440)). Let c be -1 - 3*(q + -2). What is f(c)?
-2
Suppose -5*s = -u + 17, 0 = -2*s - 0*u + u - 5. Let i(f) = 2 - 18139*f**2 + 3*f + 36264*f**2 - 18124*f**2. Give i(s).
6
Let t(d) be the second derivative of d**5/20 - d**4 + 23*d**3/6 - 14*d**2 - 4*d - 81. Give t(10).
2
Suppose 3*i - 6*k + 21 = -3*k, -4*i + 2*k - 18 = 0. Let r(j) be the third derivative of j**4/12 - j**3/6 - 2*j**2 - 9*j. What is r(i)?
-5
Let g = -21 + 31. Let o(t) be the third derivative of t**7/5040 - t**6/80 - t**5/15 + 32*t**2. Let l(m) be the third derivative of o(m). Determine l(g).
1
Suppose -12*y + 11 + 1 = 0. Let l(s) = -1657*s**3 + s**2 + 1 - s + 1662*s**3 + 0. Give l(y).
6
Let j(a) = 28*a**2 + 5*a**3 + 6 + 47316*a - 6*a**3 - 47368*a. What is j(26)?
6
Let f(k) = -2*k**2 + 48*k - 84. Let o(l) = 92*l + 22. Let u be o(0). Determine f(u).
4
Suppose -4*t - 5*b = 143, -4*t + 3*b - 78 = 73. Let q be t/3 + (-92)/(-69). Let i(u) = u**3 + 10*u**2 - 12*u - 15. Give i(q).
-4
Let f(i) = 7*i - 71. Let b be f(11). Let x be (0 - 2/6)/((-1)/b). Let d(m) = -2*m**2 + m - 1. Give d(x).
-7
Let t(g) = 1 - 10 - 3 + 0 - 4 - 3*g. Let l(m) = -m**3 - 6*m**2 + 14*m - 23. Let i be l(-8). What is t(i)?
5
Let f(c) = -10*c**3 - 37*c**2 + 17*c - 36. Let g(s) = 7*s**3 + 25*s**2 - 14*s + 24. Let w(y) = 5*f(y) + 7*g(y). What is w(-8)?
-36
Let o(f) be the first derivative of 5*f**2/2 - 20*f + 20. Give o(5).
5
Let w(q) = 5*q**3 - 79*q**2 - 16*q + 20. Let z be w(16). Let d(b) = -b**2 + 9*b + 228. Give d(z).
8
Let r(t) = 31*t - 3525. Let v be r(113). Let z(y) = -y + 5. Calculate z(v).
27
Suppose -154*v = -225*v + 1207. Let t(w) = w**2 - 14*w - 57. What is t(v)?
-6
Suppose 6 = 4*t - 3*c, 5*t - c + 94 = 85. Let d(k) = k**3 + 2*k**2 - 2*k + 8. Calculate d(t).
5
Suppose 596 = 8*z - 396. Let a = -118 + z. Let n(m) = -m - 3 + m**2 + m - 5*m. Give n(a).
3
Let j(l) be the third derivative of l**3/3 + 3*l**2 - 8. Let q(z) = z + 1. Let k(h) = -j(h) - q(h). Let t(g) = g**2 - 6*g + 9. Let x be t(6). What is k(x)?
-12
Let i(g) = -2 + g + 7*g**3 + 6*g - 9*g + g**3 + 5*g. Determine i(1).
9
Let u(x) = 7*x - 13. Let f be (7 - 0 - 0)*1. Determine u(f).
36
Suppose p + 3*p + 2666 = b, -p + 10596 = 4*b. Let c(z) = 3 - 16*z + 2651*z**2 - b*z**2 + 3. Calculate c(16).
6
Let l(y) be the second derivative of -y**5/5 + y**4/6 - 2*y**3/3 - 5*y**2/2 - 12*y + 10. Calculate l(-1).
5
Let z(v) = -4 - 861*v**2 + 11*v + v - 2 + 431*v**2 + 428*v**2. What is z(5)?
4
Let t(w) = -w**2 + 4*w + 17. Let h(m) = m**2 - 9*m + 13. Let b be h(8). Let k be t(b). Let f = k + -17. Let a(g) = g**2 + 6*g + 5. What is a(f)?
0
Suppose 0 = 3*q - 5*v - 21, 1 = -2*q - 2*v - 1. Let a(u) = 2 - 11*u**2 + 2*u - 1 - q. Suppose -26*y = 25*y - 51. Calculate a(y).
-10
Let a(k) = -12*k**2 - 3*k + 1. Let x(d) = -73*d**2 + 16*d. Let h(s) = -4*a(s) - x(s). What is h(-1)?
121
Let w(c) = -c**2 + 8*c + 1. Let g(f) be the second derivative of -f**5/20 - 2*f**4/3 - 3*f**3 - f**2 - 28*f. Let v be g(-4). What is w(v)?
13
Suppose 2*z - 2*m - 654 = 0, 5*m - 661 = 4*z - 6*z. Let d(b) = -3 + 323*b - 2 + 4*b**2 + b**3 - z*b + 0*b**3. What is d(-5)?
-5
Suppose 4*p - 8 = 2*y, -p = 5*y - 14 - 10. Suppose 0 = -3*c - 22 + 10. Let o(u) = 5*u - 2. Let q(j) = -4*j + 2. Let k(l) = c*q(l) - 3*o(l). Give k(p).
2
Let t(s) = 53*s + 30. Let r be t(9). Let d = 506 - r. Let m(h) = 7*h**3. Determine m(d).
-7
Let s(h) be the third derivative of -h**4/8 - 17*h**3/3 - 390*h**2. Determine s(-12).
2
Let i(c) be the second derivative of -c**3/6 + 5*c**2/2 + c. Let f = 4966 - 4969. Determine i(f).
8
Let k(b) = -b - 9. Suppose l + 22 = 2*l. Suppose 0 = 2*y + 4*f + 39 - 31, f = 13*y - 2. Suppose -d - 2 = -i - 6*d, y = -3*i - d - l. Determine k(i).
-1
Let s(x) be the first derivative of -x**3/3 + x**2 - 16*x + 1426. Give s(7).
-51
Let t(c) = -10*c - 6. Let a = -10598 - -10598. Calculate t(a).
-6
Let i(u) = u**2 + u - 20. Let m(z) = 2*z**3 - 10*z**2 + 13*z - 20. Let s be m(4). What is i(s)?
-20
Suppose 2*m = -4*p + 522, p + m - 117 = -4*m. Let u = -140 + p. Let a(k) = -k**3 - 7*k**2 + 6*k - 10. Determine a(u).
6
Let g(h) = 14*h**2 + 92*h + 55. Let k(x) = 5*x**2 + 31*x + 18. Let m(o) = 3*g(o) - 8*k(o). Let c be m(-13). Let a(q) = -3*q - 1 + 3 + 4*q. Determine a(c).
-3
Suppose 0 = 74*a - 61 + 135. Let g(v) = 27*v**3 - 2*v - 1. Give g(a).
-26
Let i be (-53)/18 - 143/2574. Let r(u) = -u**3 - u**2 + 9*u + 8. What is r(i)?
-1
Suppose -5*x = -15, -4*x + 34 = -5*f - x. Let i = -4 + 7. Let o(r) = -5*r**i + 8*r**3 + 4 - 6*r**2 - 4*r**3 - r. Give o(f).
-16
Let x = -9 + 8. Suppose 92 + 22 = 19*a. Let m(c) = -4 + a + 0 - 3 + 5*c**3. What is m(x)?
-6
Let k(b) = -39*b**2 + b - 65. Let t(a) = 98*a**2 + a + 131. Let q(j) = -5*k(j) - 2*t(j). Calculate q(-14).
-35
Let u be (-60)/(-1260)*105/5 + (-8)/(-2) + 1. Suppose -13 = l + 4*t, -3*t = -5*l + 14 + 13. Let r(n) = 6*n**2 - n**3 - l + 0 + 3*n - 3. Give r(u).
12
Let r(t) = -t + 3*t - 4*t + 8. Let n(b) = b. Let z(v) = 3*n(v) + r(v). Suppose -5*p = -21*p - 978 + 898. What is z(p)?
3
Let q be 24/(-4) + (2 - 3 - -3). Let d(a) = -3*a + 1. Let y(l) = 2*l - 1. Let i(p) = q*y(p) - 3*d(p). What is i(-4)?
-3
Let d be 216/40 - 4/10. Let x(i) = 1407*i - d - 1404*i + 1 + i**2. Let l(a) = -a**2 + 2*a + 3. Let c be l(4). Calculate x(c).
6
Let u = -2989 - -2987. Let r(v) = 27*v + 2. Determine r(u).
-52
Let q(r) be the first derivative of -2*r**2 + 2*r + 48 + 1/3*r**3. What is q(4)?
2
Suppose 5*